15, what is -10d001 + 5?
-10ceeb
In base 4, what is 1011000 + -223?
1010111
In base 11, what is 1 - 2136?
-2135
In base 13, what is -3052 - 4?
-3056
In base 11, what is -2146 + 9?
-2138
In base 4, what is -13 - 2123120?
-2123133
In base 9, what is 68 + -3210?
-3131
In base 12, what is -7 - 174b?
-1756
In base 15, what is 2 - 140053?
-140051
In base 3, what is -202020002 - 2102?
-202022111
In base 14, what is 40819 + 1?
4081a
In base 11, what is -7a764 + -2?
-7a766
In base 12, what is -78 - 9992?
-9a4a
In base 4, what is -203011 + 100?
-202311
In base 12, what is -29a - 119?
-3b7
In base 13, what is 0 + 6641?
6641
In base 16, what is -2 - -17164?
17162
In base 15, what is 393d4 - -5?
393d9
In base 3, what is 1012100111 - 22?
1012100012
In base 15, what is -1d - 1c0d3?
-1c101
In base 6, what is 14322025 - -1?
14322030
In base 13, what is 113 - -77?
18a
In base 2, what is 111000100010 + -101001010?
110011011000
In base 9, what is 3 - -284?
287
In base 7, what is 35125263 - -4?
35125300
In base 12, what is b + b29b?
b2aa
In base 9, what is 4507 + 7?
4515
In base 7, what is -46015 - 3?
-46021
In base 12, what is 143 + -14b?
-8
In base 3, what is -221001 - -22211122?
21220121
In base 4, what is 233120023 - -1?
233120030
In base 3, what is -111022112 - 2110?
-111101222
In base 6, what is -154 - -5153?
4555
In base 2, what is 1010111010100111 - 10?
1010111010100101
In base 9, what is 3 - -13562?
13565
In base 7, what is 53340 + -300?
53040
In base 5, what is -200221 - 10?
-200231
In base 7, what is 6140265 + 2?
6140300
In base 4, what is -111133020 + -1?
-111133021
In base 6, what is 33 + 423200?
423233
In base 4, what is -11031 + -233033?
-310130
In base 5, what is 424 + -121120?
-120141
In base 8, what is 470742 + 5?
470747
In base 6, what is -31 + 1024220?
1024145
In base 5, what is 0 + 3001114?
3001114
In base 4, what is 111 + 11030?
11201
In base 14, what is -25c + -83?
-301
In base 6, what is 5333 - -1015?
10352
In base 3, what is -2011201202 + 11?
-2011201121
In base 9, what is -1 - -16206?
16205
In base 7, what is 53543 - 6?
53534
In base 12, what is 92b3 + -18?
9297
In base 16, what is b + 58cd?
58d8
In base 16, what is 8c2 - c7?
7fb
In base 12, what is -17 + 169a?
1683
In base 7, what is -3116155 + -3?
-3116161
In base 14, what is -1 - 1992a?
-1992b
In base 14, what is a + 677?
683
In base 3, what is -10 - -2220100122?
2220100112
In base 16, what is -6c5 + -2f0?
-9b5
In base 6, what is 4034251 + 5?
4034300
In base 2, what is 110 - 10010110001101011?
-10010110001100101
In base 8, what is -2160103 + 0?
-2160103
In base 4, what is 132212 - 210230?
-12012
In base 8, what is 5 - 330255?
-330250
In base 3, what is 10001 + -11220102?
-11210101
In base 7, what is 21 - 33053?
-33032
In base 11, what is 1582 - 1a6?
1387
In base 3, what is 112201120020 - 20?
112201120000
In base 5, what is 32030232 - -10?
32030242
In base 12, what is 6332 - -18?
634a
In base 7, what is 54 - 2400?
-2313
In base 10, what is 25 - -70950?
70975
In base 2, what is -1100111000101 + 10?
-1100111000011
In base 4, what is -11010 + 20222?
3212
In base 15, what is -15 + -2d3?
-2e8
In base 11, what is 6a - 2013?
-1a54
In base 15, what is d1 + -eb?
-1a
In base 12, what is b - -32b44?
32b53
In base 8, what is 5412 + 3?
5415
In base 9, what is 70174 + 10?
70184
In base 14, what is -5dc + 7?
-5d5
In base 9, what is 47 - 81?
-33
In base 16, what is -3 - 113dec?
-113def
In base 8, what is -451 + -1466?
-2137
In base 11, what is 4aa - -312?
811
In base 6, what is 22103225 + 3?
22103232
In base 11, what is -7 + -a90?
-a97
In base 8, what is -4 + 14624?
14620
In base 4, what is 12032 + -2022?
10010
In base 3, what is -2 + -10112020112?
-10112020121
In base 7, what is 12 - -3214?
3226
In base 7, what is 2 + -11621?
-11616
In base 3, what is -12 + 2120020022?
2120020010
In base 7, what is 3 + -31034?
-31031
In base 7, what is -10421553 + 1?
-10421552
In base 6, what is 43 - 23421?
-23334
In base 14, what is 0 - -8654?
8654
In base 13, what is -2c2177 - -3?
-2c2174
In base 12, what is -4 + 63a?
636
In base 6, what is 20 + -144352?
-144332
In base 7, what is 51121 - -46?
51200
In base 13, what is -9a4 + -35?
-a09
In base 2, what is 10010101010 - 11101011100?
-1010110010
In base 6, what is -431124 + 113?
-431011
In base 11, what is 290a26 - 3?
290a23
In base 12, what is -33047 + -13?
-3305a
In base 5, what is 1030423112 + 1?
1030423113
In base 14, what is -29 + -133d?
-1368
In base 5, what is -11144200 + 10?
-11144140
In base 9, what is -4 + -2386724?
-2386728
In base 14, what is -566 - 0?
-566
In base 15, what is -2 + 101b3a?
101b38
In base 3, what is 20 - -201200012?
201200102
In base 11, what is 4 - 455a46?
-455a42
In base 2, what is 1101011000101 - 0?
1101011000101
In base 8, what is -2 + -106705?
-106707
In base 9, what is 3 + 772134?
772137
In base 6, what is -11113 - 415?
-11532
In base 7, what is -2105146 - 1?
-2105150
In base 13, what is -473 + 88?
-3b8
In base 9, what is 1 - 1237146?
-1237145
In base 7, what is -34 + -663?
-1030
In base 15, what is 31cdd + 9?
31ce7
In base 3, what is -20021 + -2022222?
-2120020
In base 10, what is -233 - -196?
-37
In base 12, what is b682 + -6?
b678
In base 9, what is 0 - -65553?
65553
In base 13, what is 10 - -31c?
32c
In base 2, what is 1001111 + 10111010110?
11000100101
In base 7, what is -345 + -22?
-400
In base 10, what is 10034 + -104?
9930
In base 7, what is -602 - -141?
-431
In base 10, what is -22802 + 2?
-22800
In base 9, what is -428 - -8807?
8368
In base 6, what is -23045505 - 1?
-23045510
In base 15, what is 4051 + -5d?
3ee3
In base 12, what is 2062 + 8?
206a
In base 3, what is -2210 + -202122011?
-202201221
In base 4, what is -130022 + -321?
-131003
In base 11, what is 56 + 948?
9a3
In base 5, what is 24 - 12134?
-12110
In base 7, what is 16331 - 15?
16313
In base 7, what is 23525 - 25?
23500
In base 8, what is 23711 - 70?
23621
In base 15, what is -39 + -a14?
-a4d
In base 9, what is 1167 - 257?
810
In base 11, what is 936 - -30?
966
In base 16, what is 3008 - -2?
300a
In base 13, what is -6b6 - 1c?
-705
In base 12, what is 121838 - 4?
121834
In base 3, what is -100 - -2221001?
2220201
In base 14, what is 96 - -11?
a7
In base 12, what is 180011 - -5?
180016
In base 9, what is 111 - -553?
664
In base 7, what is 5 - -200035?
200043
In base 15, what is 30b + c7?
3d3
In base 8, what is 225 + -20123?
-17676
In base 16, what is -90 - -4c?
-44
In base 9, what is -3054 + 4?
-3050
In base 12, what is 1763b6 + -2?
1763b4
In base 8, what is 1073570 - 2?
1073566
In base 7, what is -1 + 12011221?
12011220
In base 2, what is 1100000000111 + 1001?
1100000010000
In base 6, what is 1050 - -25?
1115
In base 6, what is 35015 + -5?
35010
In base 12, what is -4 - 269481?
-269485
In base 3, what is -1200000220001 + -11?
-1200000220012
In base 2, what is -100100100 - -10100?
-100010000
In base 2, what is 11110001111100100001 - 11?
11110001111100011110
In base 6, what is 413342 + 122?
413504
In base 16, what is -7987 - -9?
-797e
In base 15, what is -7e2 - -39?
-7a8
In base 11, what is 5 - -3862a8?
386302
In base 11, what is -299562 - 4?
-299566
In base 13, what is 51991 - -22?
519b3
In base 15, what is -801a6 + 3?
-801a3
In base 10, what is 248 - 43?
205
In base 16, what is d3 - -627?
6fa
In base 9, what is -61 + -1325?
-1386
In base 15, what is -3 + 831eb?
831e8
In base 13, what is 7294b + 3?
72951
In base 13, what is 30509 + 4?
30510
In base 10, what is 50874 - -3?
50877
In base 4, what is -213121 + 3023?
-210032
In base 2, what is -101 + 10100110100100111?
10100110100100010
In base 2, what is -101101010010 + -11101110?
-110001000000
In base 14, what is 226 + 367?
58d
In base 3, what is -12 - -201012100?
201012011
In base 15, what is 3b + -170?
-134
In base 6, what is 0 - -3154203?
3154203
In base 9, what is 635 - 87?
537
In base 5, what is -2412 - 30330?
-33242
In base 7, what is -1 - 115104?
-115105
In base 11, what is -5 - -450193?
450189
In base 4, what is -110222 - 210?
-111032
In base 12, what is 77 - -176?
231
In base 2, what is 11011101001001 - -1?
11011101001010
In base 14, what is 3b86 - -2?
3b88
In base 6, what is -1101 - 103?
-1204
In base 4, what is -13 - 111230?
-111303
In base 6, what is 5 - -31200?
31205
In base 9, what is -137 - 0?
-137
